{"id":162,"date":"2018-08-17T13:35:41","date_gmt":"2018-08-17T11:35:41","guid":{"rendered":"https:\/\/www.fischundwollmarkt.de\/?page_id=162"},"modified":"2018-09-13T09:21:52","modified_gmt":"2018-09-13T07:21:52","slug":"impressum","status":"publish","type":"page","link":"https:\/\/www.fischundwollmarkt.de\/index.php\/impressum\/","title":{"rendered":"Impressum"},"content":{"rendered":"<p>In Bearbeitung<\/p>\n<p>Verein der Hiddenseer Kutterfischer e.V.<\/p>\n<p>Mathias Schilling<\/p>\n<p>Insel \u00d6he 1<\/p>\n<p>18569 Schaprode<\/p>\n<p>Der Fisch und Wollmarkt geh\u00f6rt zum Projekt<\/p>\n<p><img loading=\"lazy\" decoding=\"async\" class=\"wp-image-210 alignnone\" src=\"https:\/\/www.fischundwollmarkt.de\/wp-content\/uploads\/2018\/08\/MY-FISH-Schaprode-horizontal-300x281.jpg\" alt=\"\" width=\"82\" height=\"77\" srcset=\"https:\/\/www.fischundwollmarkt.de\/wp-content\/uploads\/2018\/08\/MY-FISH-Schaprode-horizontal-300x281.jpg 300w, https:\/\/www.fischundwollmarkt.de\/wp-content\/uploads\/2018\/08\/MY-FISH-Schaprode-horizontal-768x719.jpg 768w, https:\/\/www.fischundwollmarkt.de\/wp-content\/uploads\/2018\/08\/MY-FISH-Schaprode-horizontal.jpg 867w\" sizes=\"auto, (max-width: 82px) 100vw, 82px\" \/><\/p>\n<p>Das Projekt wird gef\u00f6rdert von<\/p>\n<p><img loading=\"lazy\" decoding=\"async\" class=\"alignnone size-medium wp-image-208\" src=\"https:\/\/www.fischundwollmarkt.de\/wp-content\/uploads\/2018\/08\/Compound-logo-with-with-ERDF-screen-300x61.jpg\" alt=\"\" width=\"300\" height=\"61\" srcset=\"https:\/\/www.fischundwollmarkt.de\/wp-content\/uploads\/2018\/08\/Compound-logo-with-with-ERDF-screen-300x61.jpg 300w, https:\/\/www.fischundwollmarkt.de\/wp-content\/uploads\/2018\/08\/Compound-logo-with-with-ERDF-screen-768x156.jpg 768w, https:\/\/www.fischundwollmarkt.de\/wp-content\/uploads\/2018\/08\/Compound-logo-with-with-ERDF-screen-1024x208.jpg 1024w, https:\/\/www.fischundwollmarkt.de\/wp-content\/uploads\/2018\/08\/Compound-logo-with-with-ERDF-screen.jpg 1518w\" sizes=\"auto, (max-width: 300px) 100vw, 300px\" \/><\/p>\n","protected":false},"excerpt":{"rendered":"<p>In Bearbeitung Verein der Hiddenseer Kutterfischer e.V. Mathias Schilling Insel \u00d6he 1 18569 Schaprode Der Fisch und Wollmarkt geh\u00f6rt zum Projekt Das Projekt wird gef\u00f6rdert von<\/p>\n","protected":false},"author":1,"featured_media":0,"parent":0,"menu_order":0,"comment_status":"closed","ping_status":"closed","template":"template-fullwidth.php","meta":{"footnotes":""},"class_list":["post-162","page","type-page","status-publish","hentry"],"_links":{"self":[{"href":"https:\/\/www.fischundwollmarkt.de\/index.php\/wp-json\/wp\/v2\/pages\/162","targetHints":{"allow":["GET"]}}],"collection":[{"href":"https:\/\/www.fischundwollmarkt.de\/index.php\/wp-json\/wp\/v2\/pages"}],"about":[{"href":"https:\/\/www.fischundwollmarkt.de\/index.php\/wp-json\/wp\/v2\/types\/page"}],"author":[{"embeddable":true,"href":"https:\/\/www.fischundwollmarkt.de\/index.php\/wp-json\/wp\/v2\/users\/1"}],"replies":[{"embeddable":true,"href":"https:\/\/www.fischundwollmarkt.de\/index.php\/wp-json\/wp\/v2\/comments?post=162"}],"version-history":[{"count":5,"href":"https:\/\/www.fischundwollmarkt.de\/index.php\/wp-json\/wp\/v2\/pages\/162\/revisions"}],"predecessor-version":[{"id":259,"href":"https:\/\/www.fischundwollmarkt.de\/index.php\/wp-json\/wp\/v2\/pages\/162\/revisions\/259"}],"wp:attachment":[{"href":"https:\/\/www.fischundwollmarkt.de\/index.php\/wp-json\/wp\/v2\/media?parent=162"}],"curies":[{"name":"wp","href":"https:\/\/api.w.org\/{rel}","templated":true}]}}