{"id":254,"date":"2018-09-12T11:32:00","date_gmt":"2018-09-12T09:32:00","guid":{"rendered":"https:\/\/www.fischundwollmarkt.de\/?page_id=254"},"modified":"2023-09-28T11:42:52","modified_gmt":"2023-09-28T09:42:52","slug":"unterstuetzer","status":"publish","type":"page","link":"https:\/\/www.fischundwollmarkt.de\/index.php\/unterstuetzer\/","title":{"rendered":"Freundliche Unterst\u00fctzer gesucht!"},"content":{"rendered":"\n<p>WIR FREUEN UNS \u00dcBER UNTERST\u00dcTZER AUS DER REGION F\u00dcR DEN FISCH &amp; WOLLMARKT 2023. BEI INTERESSE AN EINEM ENGAGEMENT IN DER REGION F\u00dcR DIE REGION BITTE EINE KURZE MAIL AN MARKT@FISCHUNDWOLLMARKT.DE. WIR MELDEN UNS GERNE BEI IHNE MIT MEHR INFOS ZU UNSEREN SPONSORENPAKETEN.<\/p>\n\n\n\n<p>Der Fisch- und Wollmarkt bedankt sich ganz herzlich bei allen Unterst\u00fctzern., die uns 2019 tatkr\u00e4ftig und\/oder finanziell geholfen haben, die Veranstaltung auf die Beine zu stellen!<\/p>\n\n\n\n<p>Ohne eine F\u00f6rderung durch die EU w\u00e4re das ganze sch\u00f6ne Projekt My Fish nicht m\u00f6glich gewesen:<\/p>\n\n\n\n<figure class=\"wp-block-image\"><img loading=\"lazy\" decoding=\"async\" width=\"300\" height=\"61\" src=\"https:\/\/www.fischundwollmarkt.de\/wp-content\/uploads\/2018\/08\/Compound-logo-with-with-ERDF-screen-300x61.jpg\" alt=\"\" class=\"wp-image-208\" srcset=\"https:\/\/www.fischundwollmarkt.de\/wp-content\/uploads\/2018\/08\/Compound-logo-with-with-ERDF-screen-300x61.jpg 300w, https:\/\/www.fischundwollmarkt.de\/wp-content\/uploads\/2018\/08\/Compound-logo-with-with-ERDF-screen-768x156.jpg 768w, https:\/\/www.fischundwollmarkt.de\/wp-content\/uploads\/2018\/08\/Compound-logo-with-with-ERDF-screen-1024x208.jpg 1024w, https:\/\/www.fischundwollmarkt.de\/wp-content\/uploads\/2018\/08\/Compound-logo-with-with-ERDF-screen.jpg 1518w\" sizes=\"auto, (max-width: 300px) 100vw, 300px\" \/><\/figure>\n\n\n\n<figure class=\"wp-block-image is-resized\"><img loading=\"lazy\" decoding=\"async\" src=\"https:\/\/www.fischundwollmarkt.de\/wp-content\/uploads\/2018\/08\/MY-FISH-Schaprode-horizontal-300x281.jpg\" alt=\"\" class=\"wp-image-210\" width=\"56\" height=\"52\" srcset=\"https:\/\/www.fischundwollmarkt.de\/wp-content\/uploads\/2018\/08\/MY-FISH-Schaprode-horizontal-300x281.jpg 300w, https:\/\/www.fischundwollmarkt.de\/wp-content\/uploads\/2018\/08\/MY-FISH-Schaprode-horizontal-768x719.jpg 768w, https:\/\/www.fischundwollmarkt.de\/wp-content\/uploads\/2018\/08\/MY-FISH-Schaprode-horizontal.jpg 867w\" sizes=\"auto, (max-width: 56px) 100vw, 56px\" \/><\/figure>\n\n\n\n<p>F\u00fcr die diesj\u00e4hrige Veranstaltung k\u00f6nnen wir auf die Unterst\u00fctzung des Fonds f\u00fcr Vorpommern z\u00e4hlen!<\/p>\n\n\n\n<figure class=\"wp-block-image\"><img loading=\"lazy\" decoding=\"async\" width=\"300\" height=\"135\" src=\"https:\/\/www.fischundwollmarkt.de\/wp-content\/uploads\/2023\/09\/06_Vorp_oestM_Fond_Foerderlogo_Vollfarbig-300x135.png\" alt=\"\" class=\"wp-image-576\" srcset=\"https:\/\/www.fischundwollmarkt.de\/wp-content\/uploads\/2023\/09\/06_Vorp_oestM_Fond_Foerderlogo_Vollfarbig-300x135.png 300w, https:\/\/www.fischundwollmarkt.de\/wp-content\/uploads\/2023\/09\/06_Vorp_oestM_Fond_Foerderlogo_Vollfarbig-1024x460.png 1024w, https:\/\/www.fischundwollmarkt.de\/wp-content\/uploads\/2023\/09\/06_Vorp_oestM_Fond_Foerderlogo_Vollfarbig-768x345.png 768w, https:\/\/www.fischundwollmarkt.de\/wp-content\/uploads\/2023\/09\/06_Vorp_oestM_Fond_Foerderlogo_Vollfarbig.png 1180w\" sizes=\"auto, (max-width: 300px) 100vw, 300px\" \/><\/figure>\n\n\n\n<p>Ein herzliches Dankesch\u00f6n an Ecovis f\u00fcr ihre erneute finanzielle Unterst\u00fctzung! Das Beratungsunternehmen Ecovis unterst\u00fctzt mittelst\u00e4ndische Unternehmen. In Deutschland z\u00e4hlt es zu den Top 10 der Branche. In \u00fcber 100 deutschen B\u00fcros arbeiten etwa 1.700 Mitarbeiterinnen und Mitarbeiter. Kennt ihr schon den Film den Ecovis \u00fcber unseren Initiator Mathias Schilling gemacht hat?&nbsp;https:\/\/de.ecovis.com\/erfolgsgeschichten\/gasthof-mathias-schilling\/<\/p>\n\n\n\n<figure class=\"wp-block-image\"><a href=\"https:\/\/www.ecovis.com\/steuern-recht\/\"><img loading=\"lazy\" decoding=\"async\" width=\"300\" height=\"87\" src=\"https:\/\/www.fischundwollmarkt.de\/wp-content\/uploads\/2018\/09\/Bildschirmfoto-2018-09-05-um-17.38.16-300x87.png\" alt=\"\" class=\"wp-image-255\" srcset=\"https:\/\/www.fischundwollmarkt.de\/wp-content\/uploads\/2018\/09\/Bildschirmfoto-2018-09-05-um-17.38.16-300x87.png 300w, https:\/\/www.fischundwollmarkt.de\/wp-content\/uploads\/2018\/09\/Bildschirmfoto-2018-09-05-um-17.38.16-768x224.png 768w, https:\/\/www.fischundwollmarkt.de\/wp-content\/uploads\/2018\/09\/Bildschirmfoto-2018-09-05-um-17.38.16-1024x298.png 1024w, https:\/\/www.fischundwollmarkt.de\/wp-content\/uploads\/2018\/09\/Bildschirmfoto-2018-09-05-um-17.38.16.png 1280w\" sizes=\"auto, (max-width: 300px) 100vw, 300px\" \/><\/a><\/figure>\n\n\n\n<p>Die Firma MIHG ist ein Partner der Landwirtschaft. Das mittelst\u00e4ndige, familiengef\u00fchrte Unternehmen mit Sitz in der N\u00e4he der Hansestadt Rostock besch\u00e4ftigt sich professionell und verl\u00e4\u00dflich mit dem Handel und Service von Landtechnik.&nbsp;Die &nbsp;gro\u00dfe Produktpalette reicht dabei von Maschinen des f\u00fchrenden Herstellers Massey Ferguson bis hin zu speziellen Ger\u00e4ten der Firmen HORSCH, KRONE, Greentec \/ Spearhead, JOSKIN und FARESIN. Wir freuen uns \u00fcber die finanzielle Unterst\u00fctzung und die &nbsp;Vorf\u00fchrung und Ausstellung moderner Landtechnik auf dem Marktgel\u00e4nde.<\/p>\n\n\n\n<figure class=\"wp-block-image\"><img loading=\"lazy\" decoding=\"async\" width=\"300\" height=\"300\" src=\"https:\/\/www.fischundwollmarkt.de\/wp-content\/uploads\/2019\/10\/MIHG_Logo_Farb_H-300x300.png\" alt=\"\" class=\"wp-image-529\" srcset=\"https:\/\/www.fischundwollmarkt.de\/wp-content\/uploads\/2019\/10\/MIHG_Logo_Farb_H-300x300.png 300w, https:\/\/www.fischundwollmarkt.de\/wp-content\/uploads\/2019\/10\/MIHG_Logo_Farb_H-150x150.png 150w, https:\/\/www.fischundwollmarkt.de\/wp-content\/uploads\/2019\/10\/MIHG_Logo_Farb_H-768x768.png 768w, https:\/\/www.fischundwollmarkt.de\/wp-content\/uploads\/2019\/10\/MIHG_Logo_Farb_H.png 1000w\" sizes=\"auto, (max-width: 300px) 100vw, 300px\" \/><\/figure>\n\n\n\n<p>Wir freuen uns sehr \u00fcber die Unterst\u00fctzung durch die Versicherungsagentur der Allianz von Maik Sikorski in Wiek. Er ist der sachverst\u00e4ndige Partner f\u00fcr Versicherungen und Finanzen in Wiek und ber\u00e4t zu dem ganzen Spektrum von Versicherungen und Finanzprodukten \u2013 von der KFZ-Versicherung \u00fcber die Krankenversicherung bis zur Privatrente. &nbsp;Neben Einzelpersonen bzw. Paaren und Familien versorgt er auch Gewerbe mit allen wichtigen Versicherungen.<\/p>\n\n\n\n<figure class=\"wp-block-image\"><img loading=\"lazy\" decoding=\"async\" width=\"300\" height=\"128\" src=\"https:\/\/www.fischundwollmarkt.de\/wp-content\/uploads\/2019\/10\/Allianz-300x128.png\" alt=\"\" class=\"wp-image-533\" srcset=\"https:\/\/www.fischundwollmarkt.de\/wp-content\/uploads\/2019\/10\/Allianz-300x128.png 300w, https:\/\/www.fischundwollmarkt.de\/wp-content\/uploads\/2019\/10\/Allianz.png 348w\" sizes=\"auto, (max-width: 300px) 100vw, 300px\" \/><\/figure>\n\n\n\n<p>Der Getr\u00e4nkegro\u00dfhandel Bierverlag Arne Helm unterst\u00fctzt uns gro\u00dfz\u00fcgig bei der Ausstattung des Gastronomiebereichs!<\/p>\n\n\n\n<figure class=\"wp-block-image\"><img loading=\"lazy\" decoding=\"async\" width=\"300\" height=\"300\" src=\"https:\/\/www.fischundwollmarkt.de\/wp-content\/uploads\/2018\/09\/Logo-Black-Red_Square-300x300.jpg\" alt=\"\" class=\"wp-image-356\" srcset=\"https:\/\/www.fischundwollmarkt.de\/wp-content\/uploads\/2018\/09\/Logo-Black-Red_Square-300x300.jpg 300w, https:\/\/www.fischundwollmarkt.de\/wp-content\/uploads\/2018\/09\/Logo-Black-Red_Square-150x150.jpg 150w, https:\/\/www.fischundwollmarkt.de\/wp-content\/uploads\/2018\/09\/Logo-Black-Red_Square-768x768.jpg 768w, https:\/\/www.fischundwollmarkt.de\/wp-content\/uploads\/2018\/09\/Logo-Black-Red_Square-1024x1024.jpg 1024w, https:\/\/www.fischundwollmarkt.de\/wp-content\/uploads\/2018\/09\/Logo-Black-Red_Square.jpg 1044w\" sizes=\"auto, (max-width: 300px) 100vw, 300px\" \/><\/figure>\n\n\n\n<p>Wir freuen uns sehr \u00fcber die freundliche Unterst\u00fctzung von Tobias Voigt, Inhaber der Firma Yachtservice R\u00fcgen GmbH &amp; Co Bootshallen KG! Dankesch\u00f6n!<\/p>\n\n\n\n<figure class=\"wp-block-image\"><img loading=\"lazy\" decoding=\"async\" width=\"300\" height=\"129\" src=\"https:\/\/www.fischundwollmarkt.de\/wp-content\/uploads\/2023\/09\/Logo-Original_Yachtservice-Ruegen_WEB-300x129.png\" alt=\"\" class=\"wp-image-578\" srcset=\"https:\/\/www.fischundwollmarkt.de\/wp-content\/uploads\/2023\/09\/Logo-Original_Yachtservice-Ruegen_WEB-300x129.png 300w, https:\/\/www.fischundwollmarkt.de\/wp-content\/uploads\/2023\/09\/Logo-Original_Yachtservice-Ruegen_WEB-1024x441.png 1024w, https:\/\/www.fischundwollmarkt.de\/wp-content\/uploads\/2023\/09\/Logo-Original_Yachtservice-Ruegen_WEB-768x331.png 768w, https:\/\/www.fischundwollmarkt.de\/wp-content\/uploads\/2023\/09\/Logo-Original_Yachtservice-Ruegen_WEB.png 1182w\" sizes=\"auto, (max-width: 300px) 100vw, 300px\" \/><\/figure>\n\n\n\n<p>Mathias Schilling von der Insel \u00d6he bereichert das Programm f\u00fcr gro\u00dfe und kleine Kinder um das Schnitzmobil.<\/p>\n\n\n\n<figure class=\"wp-block-image\"><a href=\"http:\/\/www.insel-oehe.de\"><img loading=\"lazy\" decoding=\"async\" width=\"300\" height=\"202\" src=\"https:\/\/www.fischundwollmarkt.de\/wp-content\/uploads\/2018\/09\/Insel_\u00d6he_Logo-e1537728279584-300x202.jpg\" alt=\"\" class=\"wp-image-359\" srcset=\"https:\/\/www.fischundwollmarkt.de\/wp-content\/uploads\/2018\/09\/Insel_\u00d6he_Logo-e1537728279584-300x202.jpg 300w, https:\/\/www.fischundwollmarkt.de\/wp-content\/uploads\/2018\/09\/Insel_\u00d6he_Logo-e1537728279584-768x517.jpg 768w, https:\/\/www.fischundwollmarkt.de\/wp-content\/uploads\/2018\/09\/Insel_\u00d6he_Logo-e1537728279584-1024x689.jpg 1024w\" sizes=\"auto, (max-width: 300px) 100vw, 300px\" \/><\/a><\/figure>\n\n\n\n<p>Die R\u00fcgener Hafen und Touristik GmbH unterst\u00fctzt uns sehr gro\u00dfz\u00fcgig und stellt uns einen Veranstaltungsort, ein Zelt, den Strom &nbsp;und verg\u00fcnstigte Parkpl\u00e4tze zur Verf\u00fcgung! Dankesch\u00f6n!<\/p>\n\n\n\n<figure class=\"wp-block-image\"><a href=\"http:\/\/www.hafen-schaprode.de\/?page_id=10\"><img loading=\"lazy\" decoding=\"async\" width=\"300\" height=\"191\" src=\"https:\/\/www.fischundwollmarkt.de\/wp-content\/uploads\/2018\/09\/parkplatz-300x191.jpg\" alt=\"\" class=\"wp-image-429\" srcset=\"https:\/\/www.fischundwollmarkt.de\/wp-content\/uploads\/2018\/09\/parkplatz-300x191.jpg 300w, https:\/\/www.fischundwollmarkt.de\/wp-content\/uploads\/2018\/09\/parkplatz.jpg 668w\" sizes=\"auto, (max-width: 300px) 100vw, 300px\" \/><\/a><\/figure>\n","protected":false},"excerpt":{"rendered":"<p>WIR FREUEN UNS \u00dcBER UNTERST\u00dcTZER AUS DER REGION F\u00dcR DEN FISCH &amp; WOLLMARKT 2023. BEI INTERESSE AN EINEM ENGAGEMENT IN DER REGION F\u00dcR DIE REGION BITTE EINE KURZE MAIL AN&hellip; <\/p>\n","protected":false},"author":1,"featured_media":0,"parent":0,"menu_order":0,"comment_status":"closed","ping_status":"closed","template":"","meta":{"footnotes":""},"class_list":["post-254","page","type-page","status-publish","hentry"],"_links":{"self":[{"href":"https:\/\/www.fischundwollmarkt.de\/index.php\/wp-json\/wp\/v2\/pages\/254","targetHints":{"allow":["GET"]}}],"collection":[{"href":"https:\/\/www.fischundwollmarkt.de\/index.php\/wp-json\/wp\/v2\/pages"}],"about":[{"href":"https:\/\/www.fischundwollmarkt.de\/index.php\/wp-json\/wp\/v2\/types\/page"}],"author":[{"embeddable":true,"href":"https:\/\/www.fischundwollmarkt.de\/index.php\/wp-json\/wp\/v2\/users\/1"}],"replies":[{"embeddable":true,"href":"https:\/\/www.fischundwollmarkt.de\/index.php\/wp-json\/wp\/v2\/comments?post=254"}],"version-history":[{"count":27,"href":"https:\/\/www.fischundwollmarkt.de\/index.php\/wp-json\/wp\/v2\/pages\/254\/revisions"}],"predecessor-version":[{"id":584,"href":"https:\/\/www.fischundwollmarkt.de\/index.php\/wp-json\/wp\/v2\/pages\/254\/revisions\/584"}],"wp:attachment":[{"href":"https:\/\/www.fischundwollmarkt.de\/index.php\/wp-json\/wp\/v2\/media?parent=254"}],"curies":[{"name":"wp","href":"https:\/\/api.w.org\/{rel}","templated":true}]}}