{"id":392,"date":"2018-09-26T10:42:00","date_gmt":"2018-09-26T08:42:00","guid":{"rendered":"https:\/\/www.fischundwollmarkt.de\/?page_id=392"},"modified":"2025-08-28T13:29:46","modified_gmt":"2025-08-28T11:29:46","slug":"infos","status":"publish","type":"page","link":"https:\/\/www.fischundwollmarkt.de\/index.php\/infos\/","title":{"rendered":"Infos"},"content":{"rendered":"<h4>Marktzeiten:<\/h4>\n<p>Samstag den 20. September 2025\u00a0 10:00 bis 18:00 Uhr, Dorffest und Tanz bis ca. 23 Uhr<\/p>\n<h4>Veranstaltungsort:<\/h4>\n<p>Der Fisch &amp; Wollmarkt findet auf der Gr\u00fcnfl\u00e4che im <a href=\"https:\/\/goo.gl\/maps\/uCD54kJi71Q2\">Hafen von Schaprode<\/a> statt. Schaprode ist ein entz\u00fcckender kleiner Fischerort in der Region West R\u00fcgen. Die am gleichnamigen Bodden gelegene Ortschaft mit der vorgelagerten Insel \u00d6he wurde bereits des 12. Jahrhunderts erstmals urkundlich erw\u00e4hnt und war ein wichtiger Handelsplatz der Slawen. Sehenswert sind die\u00a0reetgedeckten Fischerkaten und nat\u00fcrlich die gotische Johanneskirche aus dem 15. Jahrhundert.<\/p>\n<h4>Parken:<\/h4>\n<p>Ein bewachter Parkplatz befindet sich am <a href=\"https:\/\/goo.gl\/maps\/GKaZP2gwt1U2\">Ortseingang von Schaprode<\/a>. Die Kennzeichen der Fahrzeuge werden automatisch erkannt und die Bezahlung erfolgt bequem vor Verlassen des Parkplatzes am Automaten. Die Kosten sind 6,00 \u20ac pro Tag\/Pkw. Dann noch ein kleiner Spaziergang oder eine Tour mit der Shuttlebahn und man ist schon bei uns am Hafen. Im Ort selbst gibt es keine \u00f6ffentlichen Parkm\u00f6glichkeiten.<\/p>\n<p><img loading=\"lazy\" decoding=\"async\" class=\"alignnone wp-image-192\" src=\"https:\/\/www.fischundwollmarkt.de\/wp-content\/uploads\/2018\/08\/6676-270x300.jpg\" alt=\"\" width=\"219\" height=\"243\" srcset=\"https:\/\/www.fischundwollmarkt.de\/wp-content\/uploads\/2018\/08\/6676-270x300.jpg 270w, https:\/\/www.fischundwollmarkt.de\/wp-content\/uploads\/2018\/08\/6676-768x853.jpg 768w, https:\/\/www.fischundwollmarkt.de\/wp-content\/uploads\/2018\/08\/6676-922x1024.jpg 922w\" sizes=\"auto, (max-width: 219px) 100vw, 219px\" \/><img loading=\"lazy\" decoding=\"async\" class=\"alignnone wp-image-396\" src=\"https:\/\/www.fischundwollmarkt.de\/wp-content\/uploads\/2018\/09\/Luftaufnahme-300x165.png\" alt=\"\" width=\"441\" height=\"243\" srcset=\"https:\/\/www.fischundwollmarkt.de\/wp-content\/uploads\/2018\/09\/Luftaufnahme-300x165.png 300w, https:\/\/www.fischundwollmarkt.de\/wp-content\/uploads\/2018\/09\/Luftaufnahme-768x422.png 768w, https:\/\/www.fischundwollmarkt.de\/wp-content\/uploads\/2018\/09\/Luftaufnahme-1024x562.png 1024w, https:\/\/www.fischundwollmarkt.de\/wp-content\/uploads\/2018\/09\/Luftaufnahme.png 1435w\" sizes=\"auto, (max-width: 441px) 100vw, 441px\" \/><\/p>\n<p><img loading=\"lazy\" decoding=\"async\" class=\"alignnone size-medium wp-image-85\" style=\"font-size: 1.4rem;\" src=\"https:\/\/www.fischundwollmarkt.de\/wp-content\/uploads\/2018\/08\/170A8858-300x200.jpg\" alt=\"\" width=\"300\" height=\"200\" srcset=\"https:\/\/www.fischundwollmarkt.de\/wp-content\/uploads\/2018\/08\/170A8858-300x200.jpg 300w, https:\/\/www.fischundwollmarkt.de\/wp-content\/uploads\/2018\/08\/170A8858-768x512.jpg 768w, https:\/\/www.fischundwollmarkt.de\/wp-content\/uploads\/2018\/08\/170A8858-1024x683.jpg 1024w\" sizes=\"auto, (max-width: 300px) 100vw, 300px\" \/><img loading=\"lazy\" decoding=\"async\" class=\"alignnone wp-image-397\" src=\"https:\/\/www.fischundwollmarkt.de\/wp-content\/uploads\/2018\/09\/8243-300x220.jpg\" alt=\"\" width=\"273\" height=\"200\" srcset=\"https:\/\/www.fischundwollmarkt.de\/wp-content\/uploads\/2018\/09\/8243-300x220.jpg 300w, https:\/\/www.fischundwollmarkt.de\/wp-content\/uploads\/2018\/09\/8243-768x564.jpg 768w, https:\/\/www.fischundwollmarkt.de\/wp-content\/uploads\/2018\/09\/8243-1024x752.jpg 1024w, https:\/\/www.fischundwollmarkt.de\/wp-content\/uploads\/2018\/09\/8243-330x240.jpg 330w, https:\/\/www.fischundwollmarkt.de\/wp-content\/uploads\/2018\/09\/8243-700x510.jpg 700w\" sizes=\"auto, (max-width: 273px) 100vw, 273px\" \/><\/p>\n","protected":false},"excerpt":{"rendered":"<p>Marktzeiten: Samstag den 20. September 2025\u00a0 10:00 bis 18:00 Uhr, Dorffest und Tanz bis ca. 23 Uhr Veranstaltungsort: Der Fisch &amp; Wollmarkt findet auf der Gr\u00fcnfl\u00e4che im Hafen von Schaprode&hellip; <\/p>\n","protected":false},"author":1,"featured_media":0,"parent":0,"menu_order":0,"comment_status":"closed","ping_status":"closed","template":"","meta":{"footnotes":""},"class_list":["post-392","page","type-page","status-publish","hentry"],"_links":{"self":[{"href":"https:\/\/www.fischundwollmarkt.de\/index.php\/wp-json\/wp\/v2\/pages\/392","targetHints":{"allow":["GET"]}}],"collection":[{"href":"https:\/\/www.fischundwollmarkt.de\/index.php\/wp-json\/wp\/v2\/pages"}],"about":[{"href":"https:\/\/www.fischundwollmarkt.de\/index.php\/wp-json\/wp\/v2\/types\/page"}],"author":[{"embeddable":true,"href":"https:\/\/www.fischundwollmarkt.de\/index.php\/wp-json\/wp\/v2\/users\/1"}],"replies":[{"embeddable":true,"href":"https:\/\/www.fischundwollmarkt.de\/index.php\/wp-json\/wp\/v2\/comments?post=392"}],"version-history":[{"count":8,"href":"https:\/\/www.fischundwollmarkt.de\/index.php\/wp-json\/wp\/v2\/pages\/392\/revisions"}],"predecessor-version":[{"id":613,"href":"https:\/\/www.fischundwollmarkt.de\/index.php\/wp-json\/wp\/v2\/pages\/392\/revisions\/613"}],"wp:attachment":[{"href":"https:\/\/www.fischundwollmarkt.de\/index.php\/wp-json\/wp\/v2\/media?parent=392"}],"curies":[{"name":"wp","href":"https:\/\/api.w.org\/{rel}","templated":true}]}}